= 157. Is 27 a factor of k?
True
Let w = -1626 + 3012. Does 63 divide w?
True
Suppose -2*x + 3 = -1, 2*s = -3*x + 430. Suppose 0 = n - 12 - s. Suppose 3*d + 5*i - n = 0, 3*i - 4*i + 154 = 2*d. Is d a multiple of 26?
True
Let g be (-1)/(-5) + 247/65. Suppose -26 = -j - 3*n, -g*j - 3*n = -8*n - 19. Is 10 a factor of j?
False
Let q = -8 - -40. Suppose -10*k + 6*k + q = 0. Suppose -k*l = -4*l - 56. Is l a multiple of 5?
False
Let c(j) = j**3 + 7*j**2 - 6*j + 6. Let m be c(-6). Let o = 20 - m. Is 40 a factor of 2/(-4 - 233/o)?
False
Let u = 523 - 331. Let c = u + -52. Is c a multiple of 12?
False
Let o(m) = -789*m + 8. Let b be o(8). Is 42 a factor of b/(-30) - 4/30?
True
Suppose 0*m - 18 = 3*m. Let n(y) = 2*y**2 + 4*y - 7. Let q be n(m). Suppose -2*s + 5*g = -q, 0 = -5*s + g - 5*g + 53. Is 7 a factor of s?
False
Let h(j) = -j**2 - j + 8. Let g be 7/(-35) - (-1)/5. Is 8 a factor of h(g)?
True
Suppose 94813 - 318049 = -52*i. Is i a multiple of 27?
True
Suppose -22*q + 9 = -19*q. Suppose h = 2*m - 67, 4*m + 2*h = -q*h + 155. Is m a multiple of 9?
False
Let d(y) = y - 30. Let f be d(0). Does 36 divide ((-282)/f)/(2/10)?
False
Suppose 0 = -4*u + 4*y + 2880, -5242 = -5*u - 4*y - 1687. Is 19 a factor of u?
False
Let y(m) = -5*m + 10. Let t(u) = -10*u + 21. Let s(q) = -4*t(q) + 7*y(q). Is s(14) a multiple of 23?
False
Is 56 a factor of (-1 + -3 + 0)/((-5)/70)?
True
Let q(c) = -2*c**3 + 24*c**2 + 13*c - 1. Is 31 a factor of q(12)?
True
Let v(o) = -2*o + 89. Does 27 divide v(-45)?
False
Let y = 8 + -14. Let c(a) = -9*a - 7. Let h be c(y). Suppose 2*q = h + 33. Is q a multiple of 13?
False
Let b(c) = 5*c**3 - 4*c**2 + 26*c - 228. Is 18 a factor of b(8)?
False
Does 10 divide (161/(-1 - 6))/((-2)/22)?
False
Let r(n) = -n**3 - 13*n**2 - n - 1. Let k = 33 + -46. Let i be r(k). Does 9 divide i/1 + -14 + 11?
True
Suppose -412 = 8*p - 10*p. Suppose -5*a = p - 866. Does 38 divide a?
False
Let l(a) = 11*a**3 + 2*a - 1. Suppose 2*r + 3 = u - 14, u = 3*r + 23. Let d be (-4)/(-6)*(-9)/r. Is 4 a factor of l(d)?
True
Suppose -10*a + 8*a + 78 = 0. Let y = a - -12. Suppose y = 4*b - 45. Is 5 a factor of b?
False
Suppose -r + 12 = r. Let l(s) = -10*s + 8. Let b(f) = f. Let k(w) = -3*b(w) - l(w). Does 12 divide k(r)?
False
Let z be -2 - (-6 + (0 - 1)). Suppose 17 = 3*l + 5*x, z*l = 5*x - 11 + 26. Suppose l*w = 110 + 98. Is 13 a factor of w?
True
Let x be (800/(-12))/(-4)*2*9. Suppose -5*z - x = -10*z. Does 8 divide z?
False
Suppose 5*x - 4*q - 3127 = 0, -3*x - 5*q + 7*q = -1875. Does 52 divide x?
False
Suppose 4*n - 2820 = 636. Does 24 divide n?
True
Let r(f) = -63*f - 2. Suppose -3*g + 0*i + 3*i + 18 = 0, 4*g + i = -1. Suppose 4*n - d = d, 3*n - d = -g. Is 29 a factor of r(n)?
False
Let b(u) = -u**3 + 4*u**2 - 3*u + 2. Let p be b(3). Suppose -5*f - x - 53 = -182, 0 = p*f - x - 53. Is f a multiple of 8?
False
Suppose -4*r - 111 = -3*w, -r - w + 3 - 36 = 0. Does 15 divide (-582)/(-4) + r/60?
False
Let m(v) = -2*v - 4. Let b be m(-2). Let o(z) = -3 + 1 + b*z**2 + z**2 - 5*z. Does 17 divide o(-4)?
True
Suppose 7*f - 2534 = 3416. Is 25 a factor of f?
True
Let w(p) = -10*p**2 + 2*p - 5. Let t(b) = -20*b**2 + 4*b - 10. Let c(z) = -2*t(z) + 5*w(z). Let x be c(4). Let r = -75 - x. Is 22 a factor of r?
False
Let v(y) = 2 + 191*y - 385*y + 191*y. Is 10 a factor of v(-6)?
True
Let q = 58 - 99. Let t = 64 - q. Is t a multiple of 18?
False
Let m(t) = 11*t**2 + 23*t + 70. Does 51 divide m(-5)?
False
Is (-4 + 42)/((9/(-24))/(-3)) a multiple of 16?
True
Let r = -704 + 2990. Does 49 divide r?
False
Let o = -41 - -44. Suppose 5*z - 80 = o*z. Is 18 a factor of z?
False
Let z = 10 - 7. Suppose z*k = -k + 156. Does 39 divide k?
True
Let o(f) = -f**3 + 21*f**2 + 38*f + 64. Is 34 a factor of o(20)?
True
Let t(l) = l**3 - 3*l**2 - l - 3. Let j(a) = -a**3 + 2*a**2 + 2*a + 2. Let z(i) = 3*j(i) + 4*t(i). Suppose -6*b + 4*b = -12. Is 6 a factor of z(b)?
True
Let x(l) = l**2 - l. Let i be x(-5). Suppose -i*y + 31*y - 20 = 0. Is y a multiple of 10?
True
Suppose w = -4*w - 95. Let h(r) = -7*r - 11. Let c be h(-7). Let k = c + w. Is 17 a factor of k?
False
Let l be (-2)/(-5) + 36/10. Suppose -l*f = 5*j - 85, j + 99 = 4*f + f. Is 353/4 + (-5)/f a multiple of 22?
True
Let i be (-2)/(-1)*18/12. Suppose 4*v = -f + 191, i*f - v = 4*v + 590. Suppose 3*x = -3*p + f, 2*x = p - 2*x - 80. Is p a multiple of 16?
False
Let j = -573 - -1239. Does 9 divide j?
True
Let p(g) = -g**3 - g**2 + 281. Is p(0) a multiple of 5?
False
Let p(t) = -t**2 + 10*t - 18. Let i be p(7). Suppose 0 = 3*o + z + 4*z - 76, 41 = i*o - 2*z. Is 17 a factor of o?
True
Let o(t) = 9*t**2 + t + 2. Let w(v) = v**2 + 2*v - 1. Let m be w(-2). Is 8 a factor of o(m)?
False
Suppose 5*b = 25, 3*o - 15 = 3*b - 3. Suppose 572 = o*f - 85. Is f a multiple of 15?
False
Let p = -75 - -79. Is 52 a factor of (-9808)/(-32) + 6/p?
False
Let u = 14 + -8. Suppose 4*w - u*w = -48. Suppose -5*p + 3*p + w = 0. Is 3 a factor of p?
True
Suppose 0 = 4*q - 4, 3*u - 9*q + 7*q = 478. Does 5 divide u?
True
Let k be (-3)/((-3)/4) + -2. Is 6 a factor of 4/k + 64/1?
True
Let t be (-8)/2 + 0/(-4). Let b(q) be the first derivative of -5*q**2 + 2*q - 22. Is 12 a factor of b(t)?
False
Suppose 11*o + 17*o - 86660 = 0. Is o a multiple of 31?
False
Let x be 1330/16 + (-27)/216. Let f = -63 + x. Is 5 a factor of f?
True
Let f(x) = -x**3 - x**2 + 2*x - 4. Suppose 0 = -3*s - 4*b - 49, -b - 3*b - 11 = s. Let d = s - -15. Is f(d) a multiple of 11?
False
Suppose -4*q + 107 = -3*q. Let z = 497 - q. Suppose 3*o = -2*o + z. Is o a multiple of 20?
False
Let k = 2 + 22. Suppose 8 - k = -4*f. Suppose -f*y + 51 + 53 = 0. Is y a multiple of 13?
True
Let z be (-1)/(2/(-4)) + 11. Suppose z*i = 206 + 626. Is 14 a factor of i?
False
Suppose 0 = -3*q - 3*s + 3, -s + 1 = 2. Suppose 5*l = l - q*o + 16, -8 = -2*o. Suppose -l*n + 26 = -34. Is n a multiple of 6?
True
Suppose -p - 11 = -u - 3*p, 0 = -3*u + 5*p + 22. Suppose -4*r + u*r = 25. Suppose 0 = -r*h + 18 + 12. Is h a multiple of 5?
False
Let i = 1060 - 113. Does 34 divide i?
False
Suppose 0 = 5*o - 3*n - 26, 0*o = -3*o - 3*n + 6. Suppose 3*c - 4 = 5. Suppose -8 = -0*l - 2*l - o*u, 5*u + 67 = c*l. Does 7 divide l?
True
Suppose 2*f - 6*c + c = 90, -4*c = -8. Let s = 68 - f. Is s a multiple of 3?
True
Let p be 441*(-5)/(-3 + 8). Let q = -232 - p. Is 11 a factor of q?
True
Let d = 598 - 325. Does 35 divide d?
False
Let n be (-48)/(-20) + (-9)/(-15). Suppose i + 77 = n*l, -l + 2*l + 5*i = 31. Does 6 divide l?
False
Suppose 7 - 2 = r, -158 = -l - 4*r. Suppose 0 = -5*h - 2*s + l, 0 - 42 = -h - 4*s. Is 16 a factor of h?
False
Suppose 3*p = 4*p - 12. Let j = p - 21. Let q = 13 - j. Is q a multiple of 8?
False
Suppose 64*q - 10850 = 39*q. Is 31 a factor of q?
True
Let v = -23 + 41. Let q = 29 - v. Suppose -y - 3*r + 2 - 3 = 0, 3*r = 4*y - q. Does 2 divide y?
True
Suppose 0 = -3*x - 2*j + 6, 2*x + 0*j - 4*j = 20. Let p(g) = g - g + 6 + 2*g - g. Is 2 a factor of p(x)?
True
Let f = 3 + -8. Does 9 divide (8/f)/(2/(-60))?
False
Is 28 a factor of 12 + 70/(-6) - (-3191)/3?
True
Suppose -15*v = -11*v - 132. Is v a multiple of 7?
False
Let n = -9 + 109. Let q = 220 - n. Suppose -x - 3*x + q = 0. Is x a multiple of 10?
True
Let c be ((-22)/(-4))/((-2)/(-4)). Is 23 a factor of (-94 - -2)/(c/(-11))?
True
Does 69 divide (4 - -1252 - 6) + 8/(-2)?
False
Does 22 divide (-51)/34 - (1 - 5031/6)?
True
Let c = 31 + -34. Is 143 - (-4 + 7 + c) a multiple of 13?
True
Let r = 13 - -28. Suppose -9 = 2*l - r. Is 7 a factor of l?
False
Does 6 divide (9/2)/((135/(-440))/(-9))?
True
Suppose -2*m = 5*x - 478, -3*x - 3*m = -4*x + 99. Let a = x + -51. Is 15 a factor of a?
True
Let z(g) = -g**2 + g - 4. Let r be z(0). Is 7 a factor of 222/4 + (r/8)/(-1)?
True
Let y = -78 - -82. Suppose -y*q + 10*q - 240 = 0. Is q a multiple of 27?
False
Let x = -71 - 6. Let h = 3 - x. Is h a multiple of 30?
False
Suppose 100 - 115 = -5*i. Suppose 3*d + 6*h = h + 112, i*d + h - 116 = 0. Is 13 a factor of d?
True
Suppose 4*r = 3*s + 44, 4*s = -s - 5*r - 15. Let w(n) = -n**2 - 11*n - 11. Is 13 a factor of w(s)?
True
Let d be (1 + -1)*5/(-10). Is -4 + 153 - 0 - (d - -2) a multiple of 28?
False
Let o(g) = -g**3 - 15*g**2 + 27*g - 42. Is 11 a factor of o(-17)?
True
Suppose 5*b - 158 = -2*q, -4*b - 5*q + 84 + 39 = 0